. Let v(z) = z**2 - 6*z + 3. Let d(m) = -2*o(m) + v(m). Determine d(p).
-4
Let p(t) = -2*t - 4*t + 7*t. What is p(4)?
4
Let s(j) = -7*j**2. Suppose -42*n = -37*n + 5. What is s(n)?
-7
Suppose -3*q + 8 = -q. Let g(r) = -r**3 + 3*r**2 + 7*r - 5. Let m be g(q). Suppose -2*z = -m - 1. Let h(k) = k - 3. Give h(z).
1
Let i(b) = b**3 + 5*b**2 - b - 5. Let h be i(-5). Suppose -m + 1 = -h*m. Let f(c) = c**2 + 2*c**2 + 3*c**3 - 53*c - 2*c**2 + c**2 + 52*c. Determine f(m).
4
Let x(z) = 3*z - 7. Suppose -3*a + 1 = -8. Suppose 0 = 5*n + 2*g - 36, -3*g - 2*g = -3*n + a. What is x(n)?
11
Suppose 13 = -15*h + 58. Let l(u) = -u**3 + u**2 + 3*u - 4. Give l(h).
-13
Let l(w) = -5*w - 9. Let h be l(-6). Suppose -2*u + h + 3 = 0. Let r be (-2)/12 - 34/u. Let q(p) = p**2 + p - 3. Give q(r).
3
Let f(d) = -d + 6. Suppose 18 = 2*t - t - 4*r, 3*t - 10 = r. Suppose -q - q - 29 = -5*j, -q = t. What is f(j)?
1
Let h(q) = -5*q**2 - 6*q - 1. Let n(p) = 4*p**2 + 5*p. Suppose 7*u = 2*u + 15. Let i(a) = u*h(a) + 4*n(a). What is i(-4)?
5
Suppose y + d = -4*d - 14, 2*y + 16 = -4*d. Let z(x) = -2*x**2 + 5 - 1 + 0 - x**3 + 1 + 7*x. What is z(y)?
9
Let i(o) = -o**2 - o. Let g be (1 - (-4)/(-2))*-1. Let w(z) = 5*z**2 + 7*z - 6. Let a(p) = g*w(p) + 4*i(p). Give a(-5).
4
Let z(q) = 2*q**3 - 2*q**2 - 2*q - 1. Let u = 13 + -14. Calculate z(u).
-3
Let h(g) = -g**2 + 3*g + 3. Let a(i) = -i**2 + 8*i - 9. Let w be a(7). Calculate h(w).
-7
Let d(a) = -a**3 + 4*a**2 + 6*a - 2. Let u be d(5). Let n(k) be the first derivative of -k**4/4 + k**3 + k**2/2 - 41. What is n(u)?
3
Let f = 34 - 35. Let h(u) = -13*u - 1. Calculate h(f).
12
Suppose -17 = y - 0*y + 4*j, 0 = -2*y - 5*j - 22. Let n(k) = -6*k - 1. Calculate n(y).
5
Let l(o) = o - 127*o**3 - 126*o**3 + 254*o**3 + 1 - 3*o. What is l(2)?
5
Let t(g) be the third derivative of -1/12*g**4 + 0 + 0*g - 3*g**2 + 1/60*g**5 - 2/3*g**3. Determine t(4).
4
Let n(b) = 2*b**3 - b**2 - 4*b + 3. Suppose -5*g + 18 = -8*g. Let j be 8/g*(-3)/2. Calculate n(j).
7
Suppose 28 = -7*o + 3*o + 2*f, -3*o = -f + 19. Let r(v) be the first derivative of -v**2/2 - 7*v - 1. What is r(o)?
-2
Let u(z) = z**2 - 13*z + 7. Let t(c) = 2*c**2 - 17*c - 1. Let l be t(8). Let s(j) = -j**2 + 6*j - 3. Let p(r) = l*s(r) - 4*u(r). Give p(-1).
6
Suppose 0 = -5*t + 2*r + 28, 2*t - 4*r = -3*r + 11. Let b(k) = -k + 2. Let d(x) = 2*x - 3. Let l(z) = -7*b(z) - 3*d(z). Give l(t).
1
Suppose 4*d = -3 + 23. Let x = d + -9. Let v(h) = h**2 + 6*h + 6. Give v(x).
-2
Let m(k) = 5*k - 1. Let z be m(-2). Let d = -6 - z. Let s(b) = -b**2 + 4*b. What is s(d)?
-5
Let y(t) = -2*t**2 - t - 7. Let k(b) = b - 5. Let c(j) = j**2 + j - 1. Let v(g) = c(g) - k(g). Let p(z) = -5*v(z) - 3*y(z). Calculate p(-4).
5
Let c(u) = u**2 + 4*u - 7. Let m(n) = -2*n + 1 + 1 + n - 3. Let t(y) = c(y) - 2*m(y). Give t(-5).
-10
Let x(m) be the first derivative of -2*m**3/3 - m**2 - 18. Give x(-2).
-4
Let n(l) be the third derivative of -l**5/12 + l**4/24 - 2*l**2. Determine n(-1).
-6
Let p(j) = j**3 - 5*j**2 - 5*j - 4. Let n(u) be the first derivative of u**2 - 2*u - 6. Let x be n(4). Calculate p(x).
2
Suppose -o - 4*h - 5 = 0, o + 3 = -3*h - 0. Suppose -o*x - 4 + 1 = 0. Let p(a) = 5*a**2 + a + 1. What is p(x)?
5
Let z be 1 + 1/1 + 1. Let x(g) = g**3 - 2*g**2 - g - 2. Determine x(z).
4
Let q(j) = -172*j + 2*j**3 - 176*j + 349*j - 1 + 2*j**2. Calculate q(-2).
-11
Let y(w) = w + 7. Let b(x) = 2*x - 12. Let i be b(3). Give y(i).
1
Let i be (-2)/7 - 130/35. Let x(j) = -5*j - 9. Let n(v) = -v - 1. Let t(o) = -4*n(o) + x(o). Determine t(i).
-1
Let g(d) = -d**3 - 2*d + 2. Let r(c) be the second derivative of c**3/6 - 2*c**2 + 2*c. Let l be r(6). Give g(l).
-10
Let v(k) be the first derivative of -3/2*k**2 + 2*k + 8 - 1/3*k**3. Give v(-5).
-8
Let j(t) be the third derivative of t**5/20 + t**4/24 + t**3/6 - 8*t**2. Give j(-1).
3
Let b(q) = -q**3 - 3*q**2 - 3*q - 3. Suppose 24 + 0 = 2*y. Suppose -y = -2*h - 2*h. Suppose k + 18 = -3*l, h*k - 7*l = -2*l + 16. What is b(k)?
6
Let t(i) be the first derivative of -2 - 2/3*i**3 + 5/2*i**2 + 2*i. Determine t(4).
-10
Let d = -4 - -6. Suppose d*b + 2*b = 0. Let a(m) = 5*m - 12. Let t(y) = 6*y - 14. Let f(o) = 7*a(o) - 6*t(o). Give f(b).
0
Let m = 0 + 4. Let o(r) be the third derivative of r**8/20160 - r**7/2520 + r**5/15 + 2*r**2. Let s(d) be the third derivative of o(d). Give s(m).
8
Suppose -2*r + 11 = 1. Let c(k) = -r*k + 2*k + k - 1 + k. Suppose 3*j + 11 = b, 5*b + 3 - 25 = 4*j. What is c(j)?
2
Let g(o) = 1 + 7*o**2 + 4*o**2 - o**2. What is g(-1)?
11
Let v(d) = -d**3 + 4*d**2 - 2*d - 4. Let o be v(3). Let b(z) = 16*z**2 - 1. What is b(o)?
15
Let x = -3 - 2. Let f(n) = -n**3 - 5*n**2 - n - 7. Determine f(x).
-2
Let k = 127 - 132. Let q(a) = a**2 + 3*a - 11. Determine q(k).
-1
Suppose 7*v + 18 = v. Let d(q) = q - 4. What is d(v)?
-7
Let u be (-62)/6 - -1*(-5)/(-15). Let f(r) = r + 3. Calculate f(u).
-7
Let l(h) = -h**3 + 19*h**2 + 21*h - 19. Let b be l(20). Let o(i) = 11*i**2 - 2*i + 1. Calculate o(b).
10
Suppose 0*u - 4*u + 28 = 0. Let j = 15 + -27. Let p = u + j. Let w(x) = x**2 + 6*x + 6. Calculate w(p).
1
Let n(h) be the second derivative of 1/2*h**2 - 2*h - 1/6*h**3 - 1/20*h**5 + 1/6*h**4 + 0. What is n(3)?
-11
Let x(m) = -m + 1. Let r(a) = -2*a + 3. Let u be 2/(-6) - (-176)/(-12). Let j(o) = u*x(o) + 6*r(o). Give j(-3).
-6
Let s(r) = r**2 + 6*r. Let f be ((-2)/(-4))/(5/(-60)). Give s(f).
0
Let q(w) = -2*w**2 - 5*w - 3. Let j = 11 + -12. Let p(y) = y**2 + 1. Suppose 3*n = t - 7, -4*t = -t + 6. Let h(k) = j*q(k) + n*p(k). What is h(4)?
4
Let r(g) = -g**2 + 2*g + 1 + 5 - 8 + 3 - g**3. Determine r(-2).
1
Suppose -5 - 3 = -2*z. Let p(y) be the third derivative of -y**6/120 + y**5/12 - y**4/8 + y**3/2 + 4*y**2. Give p(z).
7
Suppose 6 = 4*q - 3*l + 2*l, 5*l = 5*q. Suppose 0 = -3*i + 2 + 10. Let n(j) = -j**3 + 3*j - 1 + i*j**2 + 2*j - 7*j. Give n(q).
3
Let c(q) = -5*q**3 + 3*q**3 - 4 - 4*q + 1 + 3*q**3 + q**2. Let d = 13 + -9. Let a be (-2 + 0)/(d/6). Give c(a).
-9
Let w(q) = 0*q - 4 - 3 - q + 8. What is w(-1)?
2
Let y(f) = -f**3 + 6*f**2 + 2*f + 1. Let n(d) = d**3 + 13*d**2 + 12*d + 6. Let c be n(-12). Determine y(c).
13
Let i(f) be the first derivative of f**4/12 - f**2/2 + f - 2. Let d(n) be the first derivative of i(n). Calculate d(-2).
3
Suppose 5*r = 4*x + 21, 2*r - 16 = x - 7. Let y(s) = 13 - 8 - 4 - s + 0. What is y(r)?
-4
Let x(b) = -b**3 - 5*b**2 - 2*b - 4. Let g be (3/6)/((-6)/60). Calculate x(g).
6
Let y = -22 + 18. Let s(d) = -d**3 - 4*d**2 - d - 2. Determine s(y).
2
Let u(i) be the third derivative of i**6/720 + i**4/6 + 3*i**2. Let t(c) be the second derivative of u(c). Give t(0).
0
Let x = -18 - -27. Let w be x/6 - 3/(-2). Let l be -1 + (-1)/(w/(-15)). Let m(o) = -o**3 + 5*o**2 - 5*o + 4. Determine m(l).
0
Let v(b) = b - 1. Let t(k) = k**3 + 2*k**2 - k + 4. Let r be t(-3). Let o be 0 + -1*(0 + r). Suppose o*f + 5 + 1 = 0. Give v(f).
-4
Let m(c) = -c + 1. Let w(n) be the third derivative of 5*n**4/24 - 3*n**3/2 - n**2. Let u(q) = 6*m(q) + w(q). Calculate u(-4).
1
Let b(n) = -n**2 - n + 1. Let i(s) = s**3 + s**2 + s. Let d(f) = -4*b(f) + i(f). Calculate d(-4).
-8
Let g(s) = 3*s + 5. Let d(y) = 2*y - 1. Let t(b) = -2*d(b) + g(b). Determine t(5).
2
Let n(f) = 5*f - 5. Let j(w) = w - 1. Let u(m) = 4*j(m) - n(m). Let x = -8 + 9. Calculate u(x).
0
Let b(j) = -j**2 + 4*j - 3. Let n be b(2). Let s(v) = -v + 0 + n - v**2 - 3 + 4. What is s(-2)?
0
Let s = 120 - 120. Let q(f) be the second derivative of -5/6*f**3 - 4*f + s + 0*f**2. Determine q(2).
-10
Suppose 7*b = 2*b - 15. Let o(m) = m**3 + 3*m**2 - 2*m. Give o(b).
6
Let m(l) = -l**2 + 8*l + 3. Let z(x) be the second derivative of x**4/12 - 3*x**3/2 - 2*x**2 + x. Let h(d) = -6*m(d) - 5*z(d). Give h(4).
6
Let v(p) be the second derivative of 1/12*p**4 + 0 - 2*p + 1/2*p**2 - 1/6*p**3. Determine v(2).
3
Let q(a) = 9 + 0*a**2 + 0*a**2 - 15*a + 7*a + 0*a**2 + a**2. Let s = 7 - 1. Give q(s).
-3
Let w(u) be the second derivative of u**5/20 - u**4/4 - u**3/6 - 5*u**2/2 + 7*u. What is w(4)?
7
Let s(c) = c**3 + c**2 + 5. Let i be s(0). Suppose v + 12 = i*v. Let t(h) = -h + 4. Let f(b) = -b + 3. Let d(w) = 6*f(w) - 5*t(w). Calculate d(v).
-5
Let v(z) = -6*z**3 - 7*z**3 - 8*z - 4 + 14*z**3 + 7*z**2. Give v(-8).
-4
Let o(g) = -3*g - 1. Suppose 5*x = 2